 1395?
True
Is 68 a factor of 7480?
True
Does 15 divide 1125?
True
Is 121 a factor of 3751?
True
Is 7876 a multiple of 22?
True
Is 1623 a multiple of 40?
False
Is 14 a factor of 11524?
False
Is 131 a factor of 5502?
True
Is 26 a factor of 548?
False
Does 11 divide 44?
True
Is 5513 a multiple of 45?
False
Is 168 a multiple of 28?
True
Is 2 a factor of 492?
True
Is 21 a factor of 33050?
False
Is 4048 a multiple of 44?
True
Is 28 a factor of 433?
False
Is 609 a multiple of 10?
False
Does 23 divide 125948?
True
Is 7 a factor of 1134?
True
Is 11 a factor of 16810?
False
Does 63 divide 55389?
False
Is 7 a factor of 12?
False
Does 40 divide 3040?
True
Is 116 a factor of 4060?
True
Is 2697 a multiple of 17?
False
Does 23 divide 524?
False
Does 266 divide 4256?
True
Is 3772 a multiple of 23?
True
Does 35 divide 3376?
False
Does 10 divide 1221?
False
Is 81 a factor of 1385?
False
Is 4516 a multiple of 14?
False
Is 93 a factor of 2392?
False
Does 37 divide 34077?
True
Is 18 a factor of 162?
True
Is 15 a factor of 2168?
False
Is 968 a multiple of 22?
True
Is 19 a factor of 11362?
True
Is 14192 a multiple of 16?
True
Is 11798 a multiple of 17?
True
Is 48000 a multiple of 60?
True
Is 12 a factor of 22092?
True
Is 14 a factor of 974?
False
Is 33968 a multiple of 85?
False
Does 49 divide 515?
False
Does 8 divide 880?
True
Does 59 divide 1043?
False
Is 8511 a multiple of 48?
False
Does 4 divide 113?
False
Is 8436 a multiple of 3?
True
Does 38 divide 3119?
False
Does 29 divide 111788?
False
Is 86 a factor of 16254?
True
Is 3480 a multiple of 87?
True
Is 258 a factor of 28564?
False
Is 4 a factor of 2247?
False
Does 117 divide 21294?
True
Does 8 divide 69106?
False
Is 168 a multiple of 21?
True
Is 13 a factor of 410?
False
Is 15 a factor of 68?
False
Is 534 a multiple of 15?
False
Does 7 divide 5446?
True
Is 65 a factor of 8364?
False
Is 215 a multiple of 15?
False
Does 258 divide 20883?
False
Does 45 divide 132213?
False
Does 19 divide 1437?
False
Is 15 a factor of 973?
False
Is 75 a factor of 63300?
True
Is 11 a factor of 385?
True
Is 67 a factor of 34294?
False
Does 23 divide 22633?
False
Is 7 a factor of 8112?
False
Is 185 a multiple of 7?
False
Is 16 a factor of 253?
False
Does 441 divide 89078?
False
Does 4 divide 264?
True
Is 372 a multiple of 31?
True
Is 9788 a multiple of 9?
False
Does 43 divide 7955?
True
Is 164 a multiple of 15?
False
Does 26 divide 5434?
True
Does 17 divide 6052?
True
Is 42384 a multiple of 290?
False
Is 459 a multiple of 17?
True
Is 23 a factor of 5291?
False
Does 53 divide 447?
False
Is 8626 even?
True
Does 146 divide 33290?
False
Is 17960 a multiple of 20?
True
Does 14 divide 16052?
False
Does 6 divide 911?
False
Is 37 a factor of 6993?
True
Does 245 divide 8063?
False
Does 8 divide 432?
True
Is 4 a factor of 716?
True
Is 111553 a multiple of 347?
False
Is 570 a multiple of 10?
True
Is 1386 a multiple of 21?
True
Is 15499 a multiple of 25?
False
Is 45 a factor of 7830?
True
Does 26 divide 2288?
True
Is 3 a factor of 57?
True
Is 16 a factor of 2123?
False
Is 139 a factor of 6811?
True
Does 4 divide 226?
False
Does 6 divide 138?
True
Is 5765 a multiple of 13?
False
Does 21 divide 2709?
True
Is 6 a factor of 114?
True
Is 15 a factor of 5396?
False
Does 199 divide 47207?
False
Is 24696 a multiple of 28?
True
Is 26634 a multiple of 46?
True
Does 65 divide 2145?
True
Is 13090 a multiple of 35?
True
Does 59 divide 3481?
True
Is 131805 a multiple of 266?
False
Does 40 divide 21760?
True
Is 189 a multiple of 2?
False
Does 12 divide 33631?
False
Is 1498 a multiple of 120?
False
Is 3276 a multiple of 18?
True
Is 13 a factor of 9082?
False
Is 13 a factor of 286?
True
Does 38 divide 3762?
True
Does 8 divide 840?
True
Is 382 a factor of 10214?
False
Does 11 divide 110?
True
Does 4 divide 186?
False
Is 506 a multiple of 23?
True
Does 122 divide 30670?
False
Does 2 divide 430?
True
Is 17460 a multiple of 60?
True
Is 3 a factor of 4?
False
Does 233 divide 97161?
True
Is 3953 a multiple of 17?
False
Does 39 divide 24049?
False
Is 88 a factor of 5265?
False
Is 6984 a multiple of 3?
True
Is 108 a multiple of 108?
True
Is 936 a multiple of 24?
True
Is 31 a factor of 4632?
False
Is 45142 a multiple of 17?
False
Does 29 divide 5394?
True
Is 13 a factor of 3848?
True
Is 16 a factor of 2338?
False
Is 70 a multiple of 35?
True
Is 26 a factor of 33906?
False
Is 2558 a multiple of 35?
False
Is 13 a factor of 36271?
False
Does 6 divide 400?
False
Is 49081 a multiple of 11?
False
Is 40 a factor of 264?
False
Is 69 a factor of 678?
False
Is 15 a factor of 73185?
True
Is 1242 a multiple of 7?
False
Is 7 a factor of 852?
False
Is 4323 a multiple of 11?
True
Does 48 divide 49?
False
Is 36729 a multiple of 99?
True
Is 667 a multiple of 23?
True
Does 35 divide 84507?
False
Is 925 a multiple of 17?
False
Does 13 divide 91?
True
Is 6210 a multiple of 46?
True
Does 73 divide 219?
True
Does 8 divide 896?
True
Is 66 a multiple of 21?
False
Is 109343 a multiple of 13?
True
Is 69062 a multiple of 10?
False
Is 5760 a multiple of 90?
True
Is 1690 a multiple of 26?
True
Is 9576 a multiple of 24?
True
Does 4 divide 3056?
True
Is 15 a factor of 15660?
True
Is 140 a factor of 6936?
False
Does 8 divide 289?
False
Does 31 divide 13547?
True
Does 69 divide 9225?
False
Is 949 a multiple of 73?
True
Is 178 a factor of 123710?
True
Is 446 a multiple of 6?
False
Is 18 a factor of 577?
False
Is 57660 a multiple of 30?
True
Does 56 divide 1176?
True
Does 18 divide 9325?
False
Does 62 divide 13578?
True
Is 220 a multiple of 10?
True
Is 1050 a multiple of 15?
True
Does 11 divide 299?
False
Is 7311 a multiple of 134?
False
Is 2 a factor of 25?
False
Is 19 a factor of 1824?
True
Is 2924 a multiple of 4?
True
Does 119 divide 3056?
False
Is 174 a multiple of 54?
False
Does 50 divide 9150?
True
Is 80 a factor of 3680?
True
Is 1056 a multiple of 12?
True
Is 29524 a multiple of 60?
False
Is 48 a factor of 24947?
False
Is 22997 a multiple of 20?
False
Is 15 a factor of 210?
True
Is 9 a factor of 99?
True
Is 11 a factor of 508?
False
Is 9 a factor of 1811?
False
Is 15462 a multiple of 18?
True
Is 5 a factor of 1201?
False
Does 17 divide 629?
True
Does 9 divide 5130?
True
Is 188 a multiple of 87?
False
Is 3 a factor of 261?
True
Is 32 a factor of 624?
False
Is 154 a multiple of 11?
True
Does 12 divide 40040?
False
Is 4420 a multiple of 26?
True
Is 750 a multiple of 11?
False
Is 3461 a multiple of 6?
False
Is 1098 a multiple of 99?
False
Is 13 a factor of 126856?
False
Is 33585 a multiple of 204?
False
Is 26 a factor of 5226?
True
Does 16 divide 8913?
False
Is 103767 a multiple of 49?
False
Is 160 a factor of 17120?
True
Does 80 divide 7664?
False
Is 64 a factor of 14976?
True
Does 4 divide 476?
True
Is 4 a factor of 3216?
True
Is 858 a multiple of 15?
False
Is 342 a multiple of 14?
False
Is 8 a factor of 32?
True
Is 2603 a multiple of 19?
True
Is 1488 a multiple of 160?
False
Does 18 divide 559?
False
Is 12 a factor of 24411?
False
Does 5 divide 110?
True
Is 2057 a multiple of 20?
False
Is 15 a multiple of 15?
True
Is 4 a factor of 1296?
True
Does 84 divide 5376?
True
Is 2375 a multiple of 95?
True
Is 1279 a multiple of 90?
False
Is 47 a factor of 2585?
True
Is 52 a factor of 41392?
True
Is 66 a factor of 792?
True
Is 2788 a multiple of 24?
False
Is 21 a factor of 553?
False
Is 20 a factor of 1317?
False
Does 17 divide 1615?
True
Is 18 a factor of 13747?
False
Does 24 divide 1122?
False
Is 702 a multiple of 6?
True
Is 4 a factor of 5058?
False
Does 27 divide 1026?
True
Is 58 a multiple of 2?
True
Does 211 divide 9073?
True
Is 58 a factor of 290?
True
Does 299 divide 36179?
True
Is 4758 a multiple of 39?
True
Is 39382 a multiple of 97?
True
Does 2 divide 1332?
True
Does 19 divide 32084?
False
Is 3015 a multiple of 10?
False
Is 18 a factor of 525?
False
Is 337 a multiple of 5?
False
Is 328 a multiple of 2?
True
Does 323 divide 31008?
True
Is 13 a factor of 570?
False
Is 95 a factor of 2280?
True
Does 10 divide 490?
True
Does 33 divide 14751?
True
Does 148 divide 32856?
True
Does 62 divide 3471?
False
Is 12419 a multiple of 11?
True
Is 20 a factor of 2307?
False
Does 185 divide 6698?
False
Is 189 a factor of 10458?
False
Does 6 divide 1240?
False
Is 3325 a multiple of 175?
True
Is 100 a factor of 